-16)/14*14/(-4). Suppose 3*d - 5*c = -6, k*c - 9 = 2*d - d. Suppose -z + 88 = 4*o - 137, 125 = 2*o + d*z. List the prime factors of o.
5, 11
What are the prime factors of (9 - 6 - 5) + 138 - -6?
2, 71
Suppose 22*z + 17589 = 33*z. List the prime factors of z.
3, 13, 41
Suppose 5*h + r = 1442, -3*h + 194 = -5*r - 660. Suppose 3*n - 6*n + h = 0. What are the prime factors of n?
2, 3
List the prime factors of (-5)/(-3) - 173292/(-126).
3, 17
Let u(m) = 2*m**2 - 6*m + 4. Let n be u(-5). Let g = 3688 + -5176. What are the prime factors of (-2)/(-7) - g/n?
2, 3
Suppose -4*j - 64 = -2*f, f = -4*j - 1 + 9. What are the prime factors of f?
2, 3
Suppose 15 - 23 = -4*f. Suppose -f*j = 5*x - 766, -2*x + 3*j - 617 = -6*x. List the prime factors of x.
2, 19
Let g(l) = 6*l**3 - 2*l**2 + 1. Let y be g(1). Suppose -h + y*h = 432. What are the prime factors of h?
2, 3
Suppose 0 = 3*d + 2*j - 25, -6*d + 3*d + 40 = 5*j. What are the prime factors of (d - 1) + 5 + -1?
2
Suppose 22*i - 18*i - 24 = 0. Let w = 83 + i. Let m = w + -45. What are the prime factors of m?
2, 11
Let c(n) = -11*n**3 + n. Let a be c(1). Let b(u) be the third derivative of -u**5/60 - 13*u**4/24 + u**3/2 - u**2 + 4. What are the prime factors of b(a)?
3, 11
Let h(i) = i**3 - 8*i**2 + 2*i + 22. Let r be 1781/195 - 4/30. What are the prime factors of h(r)?
11
Let g = -62 + 42. Let b = 76 - g. List the prime factors of 3/(297/b - 3).
2
What are the prime factors of (7889 - 374)/((-5)/(-2) + -1)?
2, 3, 5, 167
Let p = 3 - 0. Suppose 7 = -5*v + b, -p*v + 2*b - 21 = 7*b. List the prime factors of (-80 + v)*5/(-10).
41
Let z be (10/(-4) - -3)*-446 + 1. Let n = -147 - z. What are the prime factors of n?
3, 5
Let r be (4/(-8)*0)/2. Suppose r = 2*h - 108 - 48. Suppose -3*p = -0*p - h. List the prime factors of p.
2, 13
Let x(i) = i**3 + 12*i**2 - 32*i - 28. What are the prime factors of x(-12)?
2, 89
Let w = 175 - 164. Let j(o) = 27*o**2. Let m be j(-1). Let k = m - w. List the prime factors of k.
2
List the prime factors of (-39)/(-65) - 98816/(-40).
7, 353
Suppose 6*w + 441 = -w. Let g = w + 148. What are the prime factors of g?
5, 17
Let p = 22 - -27. Suppose -3*n = -p + 10. What are the prime factors of n?
13
Let s(a) = 222*a - 26. List the prime factors of s(3).
2, 5
Let h = 257 - 204. What are the prime factors of h?
53
Suppose 58*n = -4*n + 191580. What are the prime factors of n?
2, 3, 5, 103
Suppose -68*c = -72*c + 2732. List the prime factors of c.
683
Suppose -5*v + 2*v + 9 = 0. Suppose -v*s - 373 = -6*s - m, 3*m = -2*s + 251. Suppose -4*w + s = 48. What are the prime factors of w?
19
Let o = 2923 - 1091. What are the prime factors of o?
2, 229
Let v(l) = -5*l + 37. Let k be v(13). List the prime factors of (k/12)/((-2)/30).
5, 7
Let l = -762 + 1332. List the prime factors of l.
2, 3, 5, 19
Let j = -4797 - -8520. What are the prime factors of j?
3, 17, 73
Suppose -3*f - 3*c = 21, 19 = -4*c + 3. Let a(k) = -5*k**3 - 2*k**2 + 4*k - 4. List the prime factors of a(f).
101
Suppose -12*x = -6*x - 66. Suppose 0 = -x*u + 598 + 1613. What are the prime factors of u?
3, 67
Let p(m) = 92*m - 14. What are the prime factors of p(4)?
2, 3, 59
Let h(l) = 2*l - 85. Let x(m) = 6*m - 256. Let v(s) = -16*h(s) + 5*x(s). What are the prime factors of v(24)?
2
Suppose 22 + 10 = 2*t - 2*r, -20 = -2*t + 5*r. Suppose t + 1 = 3*c. Let s = c - 5. What are the prime factors of s?
2
Let m = 72 + -69. Suppose -3*y + m = -546. List the prime factors of y.
3, 61
Let o = 119 - 51. Suppose 0 = 2*p - o - 2. List the prime factors of p.
5, 7
Let n be (-9)/(-2) - (-3)/6. Suppose -4*b = -3*c - 25, b + n = 2*c + 15. List the prime factors of (-2405)/(-143) + b/22.
17
Let b(z) = -z**3 + 13*z**2 - z + 18. Let i be b(13). Suppose -i*d + 45 = -70. List the prime factors of d.
23
Suppose -4*b + 8*b = m - 4806, -2*b - 19280 = -4*m. List the prime factors of m.
2, 2411
List the prime factors of (3 + (-24)/6)*-1187.
1187
Suppose -5*m + 2 = -t + 2*t, 3*t - 6 = -2*m. Suppose i = -5*h - 0*i + 523, m = 2*h + 5*i - 200. List the prime factors of h.
3, 5, 7
Suppose -40 = -24*b + 11528. List the prime factors of b.
2, 241
Let y(o) = o**3 - 4*o**2 + 3*o - 3. Let h be y(4). Let z(u) be the third derivative of u**4/12 + u**3/6 + 3*u**2. List the prime factors of z(h).
19
Let j = 10 + -10. Suppose j*v - 17 = -v + 5*b, b - 5 = -4*v. Suppose -2*y + 3*y = v. What are the prime factors of y?
2
Suppose 18*r - 4*r - 12376 = 0. List the prime factors of r.
2, 13, 17
Suppose -4*x + m + 23 = -0*x, 3*x + m - 12 = 0. Suppose -x*j + 315 = -0*j. Suppose 4*w + 54 = 2*q, 4*q + 2*w - j = w. List the prime factors of q.
17
Let o = -722 - -1309. List the prime factors of o.
587
Suppose 4 = -t + 2*t. Suppose 54 - 6 = t*b. List the prime factors of b.
2, 3
Let o(k) = -2*k**3 - 7*k**2 + 3*k - 3. Let g(u) = u**3 + u**2 + u. Let f(j) = g(j) + o(j). List the prime factors of f(-7).
2, 3
Suppose 4*f = a + 4*a, a - 5*f = -21. Suppose a*h - 962 = -258. What are the prime factors of h?
2, 11
Let c be 17/3 - 14/21. Suppose -c*a + 1495 = 5*r, a + 578 = 3*a - 2*r. Suppose 3*z - 9*z = -a. List the prime factors of z.
7
Suppose i = a + 2, -2*a + 1 = -i - 0*i. Suppose b + 326 = a*b. List the prime factors of b.
163
Suppose -17*p = -15*p. List the prime factors of 1197/(-18)*(36/(-21) + p).
2, 3, 19
List the prime factors of 0 - (-1)/((-5)/3955)*-1.
7, 113
Suppose -2*x - 3*x = -5, 0 = -o + 3*x - 7. List the prime factors of 180/o*(-2)/6.
3, 5
Let x = -18 + 20. Suppose 4*d = -w + 5, -x*d = -0*d. Suppose -w*b + 153 = -2*b. What are the prime factors of b?
3, 17
Suppose 2*g - 2*q = -3*g - 188, 172 = -5*g - 2*q. What are the prime factors of (-1350)/g*4/3?
2, 5
Let a be 54/2 + (-7 - -3). Suppose -4*z - 19 = 5*g - 4*g, 2*z = -5*g - a. What are the prime factors of 44 + 0*g/9?
2, 11
Suppose 0 = -2*h - 3*l + 653, 5*h - 3*l - 1616 = 69. List the prime factors of h.
2, 167
Let k = 893 - 470. List the prime factors of k.
3, 47
Let q = -2 - -2. Suppose q = -j + 2*j - 19. Suppose -j = -4*k + 33. What are the prime factors of k?
13
List the prime factors of ((-43)/3)/((-1)/318).
2, 43, 53
Let w = 14 + -14. Suppose -d + 50 = -w*d. Suppose -g + 6*g - d = 0. What are the prime factors of g?
2, 5
Suppose -80 = 3*u - 3*z + 7, -z = 2. Let h = u + 21. Let t(c) = c**2 + 7*c + 10. List the prime factors of t(h).
2, 5
Let o(c) = -6 + 0*c**2 + c**2 - 2*c**2 + 8*c - 5*c**2 + c**3. Let y be o(6). Suppose x - 24 = 3*h, 0 = -x - 2*x - h + y. What are the prime factors of x?
3, 5
Suppose 2153 = 5*u - 9377. List the prime factors of u.
2, 1153
Let z = -4405 + 7730. What are the prime factors of z?
5, 7, 19
Let h be -8 + 5 - (-99)/3. Suppose -y = 2*k - h, -6*y + 4*k + 192 = -y. List the prime factors of y.
2, 3
Let p(k) = 6*k**2 - 5*k - 2. Let b(x) = -x**3 - 5*x**2 + 4*x + 1. Let h(j) = 3*b(j) + 2*p(j). Let o = -50 - -47. List the prime factors of h(o).
47
Let t = -170 - -170. What are the prime factors of (0 - t/4*-1) + 19?
19
Suppose -3*j + 5*z = -0*j - 54, -2*j + 5*z + 36 = 0. Let g = j - -26. What are the prime factors of g?
2, 11
Let l = 49 - 19. List the prime factors of (6/(-4))/(l/(-2600)).
2, 5, 13
Let l be (-3 + 3 + -1)*-3. Suppose 5*h - 720 = -0*s - 5*s, 540 = 4*h - 5*s. Suppose l = f - 5*p - 25, 5*p = 5*f - h. What are the prime factors of f?
2, 7
Let g(n) = 139*n + 1078. What are the prime factors of g(11)?
3, 11, 79
Let h = -23 - -26. Suppose -2*i - 14 = -5*b, -5*i + 1 = h*b + 5. List the prime factors of b.
2
Suppose 4*r + 66 = -5*f, 0 = 2*r + r - 2*f + 38. Let o = r - -18. Suppose -o*h + 7*h = -2*a + 25, 5*a + 23 = 2*h. List the prime factors of h.
3
Let r = -277 + 754. What are the prime factors of r?
3, 53
Let y(a) = 3*a**2 + 5*a + 7. What are the prime factors of y(8)?
239
Let c(w) = 6*w**2 + 29*w + 138. What are the prime factors of c(-5)?
11, 13
Suppose -5*f - 58 = 3*o - 4*o, -o = 5*f + 62. Let w = 16 + f. What are the prime factors of w?
2
Suppose -5*y + u = -6, 4*y = -0*u - u + 12. Suppose -y*r + 18 - 14 = 0. Suppose k + 3*c + 16 = r*k, -4*c = k - 2. What are the prime factors of k?
2, 5
Let b(r) = r + 1. Let w(d) = -14*d + 11*d + 13 - 13*d. Let q(g) = 6*b(g) - w(g). List the prime factors of q(2).
37
Let n be ((22/8 + -3)*0)/1. What are the prime factors of (n - (-3 + -70)) + (2 - 1)?
2,